{"id":536,"date":"2024-07-04T13:03:34","date_gmt":"2024-07-04T10:03:34","guid":{"rendered":"http:\/\/www.kokkolahieroja.fi\/?page_id=536"},"modified":"2025-11-03T09:02:54","modified_gmt":"2025-11-03T07:02:54","slug":"omavalvontasuunnitelma","status":"publish","type":"page","link":"https:\/\/www.kokkolahieroja.fi\/?page_id=536","title":{"rendered":"Omavalvontasuunnitelma"},"content":{"rendered":"\n<p><\/p>\n\n\n\n<p><strong>Palveluntuottajat<\/strong><br>Hyv\u00e4n olon hoitola K\u00e4ns\u00e4l\u00e4, Y-tunnus: 2075660-6, Jenni Lundberg<br>Kaarlelankatu 21, 67100 Kokkola, p: 044 086 5545, s.posti: kokkolahieroja@gmail.com<br>Tmi Heidi Ahlqvist, Y-tunnus: 2915786-1, Heidi Ahlqvist, p: 050\u00a0506 5721, s.posti:<br>heidi.ahlqvist@live.fi<br>Hieroja &amp; j\u00e4senkorjaaja Noora Vornanen, Y-tunnus: 2480767-7, p: 050\u00a0358 7700, s.posti:<br>noora_19922@hotmail.com<br>Hierontapalvelu EijalMa, Y-tunnus: 2838060-7, Eija-Liisa Peltoniemi, p: 0442941198, s.posti:<br>eijaliisa87@hotmail.com<br>Ippu, Y-tunnus: 1584879-2, Mauri Kivinen, p: 0405205728, s.posti: maurikivinen63@gmail.com<br>Vastuuhenkil\u00f6n\u00e4 toimii Jenni Lundberg.<\/p>\n\n\n\n<p><strong>Toiminta-ajatus, arvot ja toimintaperiaatteet<\/strong><br>Organisaatio tarjoaa asiakkaille hierontapalveluita asiakasl\u00e4ht\u00f6isesti edist\u00e4en asiakkaiden kokonaisvaltaista hyvinvointia. Palvelu pohjautuu ammattitaitoon, luotettavuuteen ja jatkuvaan toiminnan ja ammattitaidon kehitt\u00e4miseen.<\/p>\n\n\n\n<p><strong>Asiakasl\u00e4ht\u00f6isyys <\/strong><\/p>\n\n\n\n<p>Jokainen asiakas kohdataan yksil\u00f6n\u00e4 ja jokainen hoito<br>suunnitellaan asiakkaan tarpeiden mukaan asiakkaan kanssa siit\u00e4 yhdess\u00e4<br>suunnittelemalla, asiakkaan itsem\u00e4\u00e4r\u00e4\u00e4misoikeutta kunnioittaen.<br>Ammattitaito- Ammattitaitoa yll\u00e4pidet\u00e4\u00e4n jatkuvasti kouluttautumalla ja kehitt\u00e4m\u00e4ll\u00e4<br>osaamista.<br>Luotettavuus- Toiminta on avointa ja rehellist\u00e4, asiakkaan hyvinvointi etusijalla.<br>Yhteisty\u00f6- Organisaatiossa toimitaan moniammatillisesti yhteisty\u00f6ss\u00e4 muiden<br>hyvinvointi sek\u00e4 terveysalojen kanssa ohjaamalla asiakkaita tarvittaessa toisen<br>ammattilaisen hoitoon tai konsultoimalla muita alan toimijoita.<\/p>\n\n\n\n<p>Organisaatiomme yritystoiminta toiminta perustuu sopimusyritt\u00e4jyydelle. Tarjoamamme palvelut toteutetaan paikan p\u00e4\u00e4ll\u00e4 Hyv\u00e4n olon hoitola K\u00e4ns\u00e4l\u00e4n tiloissa.<\/p>\n\n\n\n<p><strong>Omavalvonnan organisointi ja johtaminen<\/strong><br>Omavalvonnan suunnittelusta ja laatimisesta vastaavat organisaation p\u00e4\u00e4toimiset yritt\u00e4j\u00e4t yhdess\u00e4.<br>My\u00f6s seuranta ja p\u00e4ivitt\u00e4minen sek\u00e4 julkaiseminen tehd\u00e4\u00e4n yhdess\u00e4, s\u00e4\u00e4nn\u00f6llisin v\u00e4liajoin nelj\u00e4n kuukauden v\u00e4lein tai aina, kun p\u00e4ivitt\u00e4miselle tulee tarvetta.<br>Omavalvontasuunnitelma on asiakkaiden n\u00e4ht\u00e4vill\u00e4 tiloissamme sek\u00e4 kotisivuillamme.<\/p>\n\n\n\n<p><strong>Henkil\u00f6st\u00f6<\/strong><br>Organisaatiossa ty\u00f6skentelee yritt\u00e4jin\u00e4 nelj\u00e4 p\u00e4\u00e4toimista ja kaksi sivutoimista yritt\u00e4j\u00e4\u00e4. Kaikki ovat kouluttautuneita hierojiksi ja p\u00e4\u00e4toimiset yritt\u00e4j\u00e4t my\u00f6s j\u00e4senkorjaajiksi. Kaikki tiloissa toimijat ovat k\u00e4yneet my\u00f6s muita t\u00e4ydent\u00e4vi\u00e4 koulutuksia sek\u00e4 kaikilla on pitk\u00e4 kokemus alalta. Organisaation toimijat my\u00f6s jatkossa osallistuvat s\u00e4\u00e4nn\u00f6llisesti koulutuksiin sek\u00e4 seuraavat alan julkaisuja, jotta pysyv\u00e4t ajan tasalla uusimmista hoitotekniikoista ja -tiedoista.<\/p>\n\n\n\n<p><br><strong>Toimitilat, laitteet ja tarvikkeet<\/strong><br>Toimitilat sijaitsevat Kokkolassa, Kaarlelankatu 21. Eri liikkeiden aulatilaan voi kulkea kahden eri oven kautta ja toimitilamme sijaitsee aulatilasta l\u00e4htev\u00e4n portaikon puolessa v\u00e4liss\u00e4. Tilat ovat portaita lukuun ottamatta esteett\u00f6m\u00e4t ja hyvin saavutettavissa.<br>Tilojen turvallisuudesta huolehditaan s\u00e4\u00e4nn\u00f6llisesti tarkastamalla tilojen ja laitteiden turvallisuutta.<br>Paloturvallisuus on varmistettu sek\u00e4 h\u00e4t\u00e4poistumistiet on merkitty selke\u00e4sti. Esteet\u00f6n p\u00e4\u00e4sy<br>h\u00e4t\u00e4poistumisteille varmistetaan.<br>Hierontap\u00f6yd\u00e4t sek\u00e4 muut hoitolaitteet on CE-merkittyj\u00e4 ja niit\u00e4 huolletaan s\u00e4\u00e4nn\u00f6llisesti.<br>Laitteiden huollosta vastaa koulutettu ammattilainen.<\/p>\n\n\n\n<p><br><strong>Asiakasturvallisuus ja palautej\u00e4rjestelm\u00e4<\/strong><br>Asiakasturvallisuus on ensisijaisesti meille t\u00e4rke\u00e4\u00e4. Tilojen ja laitteiden turvallisuus tarkastetaan s\u00e4\u00e4nn\u00f6llisesti. Kaikki yritt\u00e4j\u00e4mme noudattavat tarvittavia hygienias\u00e4\u00e4nt\u00f6j\u00e4 ja tarvittaessa k\u00e4ytt\u00e4v\u00e4t asianmukaisia suojavarusteita, kuten maskia.<br>Asiakaspalautetta voi asiakas antaa anonyymisti tai nimell\u00e4. Kaikki asiakaspalautteet k\u00e4sitell\u00e4\u00e4n luottamuksellisesti. Asiakaspalautteita hy\u00f6dynnet\u00e4\u00e4n toiminnan kehitt\u00e4misess\u00e4.<br>Mahdolliset asiakasturvallisuuteen liittyv\u00e4t poikkeamat kirjataan yl\u00f6s ja analysoidaan, jotta<br>vastaavat tilanteet voitaisiin jatkossa ehk\u00e4ist\u00e4.<\/p>\n\n\n\n<p><br><strong>Toimenpiteet vaaratilanteiden varalle<\/strong><br>Yrityksess\u00e4 on laadittu pelastussuunnitelma, joka sis\u00e4lt\u00e4\u00e4 ohjeet toiminnasta erilaisissa<br>h\u00e4t\u00e4tilanteissa, kuten tulipalon tai sairauskohtauksen sattuessa.<br>Kaikki ty\u00f6ntekij\u00e4t on koulutettu toimimaan h\u00e4t\u00e4tilanteissa, ja pelastussuunnitelma k\u00e4yd\u00e4\u00e4n l\u00e4pi s\u00e4\u00e4nn\u00f6llisesti.<br>H\u00e4t\u00e4poistumistiet on merkitty selke\u00e4sti ja niit\u00e4 pidet\u00e4\u00e4n aina esteett\u00f6min\u00e4.<br>Tilassa on ensiapuv\u00e4lineet helposti saatavilla sek\u00e4 ty\u00f6ntekij\u00e4t on kouluttautuneet ensiavun antamiseen.<\/p>\n","protected":false},"excerpt":{"rendered":"<p>PalveluntuottajatHyv\u00e4n olon hoitola K\u00e4ns\u00e4l\u00e4, Y-tunnus: 2075660-6, Jenni LundbergKaarlelankatu 21, 67100 Kokkola, p: 044 086 5545, s.posti: kokkolahieroja@gmail.comTmi Heidi Ahlqvist, Y-tunnus: 2915786-1, Heidi Ahlqvist, p: 050\u00a0506 5721, s.posti:heidi.ahlqvist@live.fiHieroja &amp; j\u00e4senkorjaaja Noora Vornanen, Y-tunnus: 2480767-7, p: 050\u00a0358 7700, s.posti:noora_19922@hotmail.comHierontapalvelu EijalMa, Y-tunnus: 2838060-7, &hellip; <a href=\"https:\/\/www.kokkolahieroja.fi\/?page_id=536\">Lue loppuun <span class=\"meta-nav\">&rarr;<\/span><\/a><\/p>\n","protected":false},"author":1,"featured_media":0,"parent":0,"menu_order":0,"comment_status":"closed","ping_status":"closed","template":"","meta":{"footnotes":""},"_links":{"self":[{"href":"https:\/\/www.kokkolahieroja.fi\/index.php?rest_route=\/wp\/v2\/pages\/536"}],"collection":[{"href":"https:\/\/www.kokkolahieroja.fi\/index.php?rest_route=\/wp\/v2\/pages"}],"about":[{"href":"https:\/\/www.kokkolahieroja.fi\/index.php?rest_route=\/wp\/v2\/types\/page"}],"author":[{"embeddable":true,"href":"https:\/\/www.kokkolahieroja.fi\/index.php?rest_route=\/wp\/v2\/users\/1"}],"replies":[{"embeddable":true,"href":"https:\/\/www.kokkolahieroja.fi\/index.php?rest_route=%2Fwp%2Fv2%2Fcomments&post=536"}],"version-history":[{"count":9,"href":"https:\/\/www.kokkolahieroja.fi\/index.php?rest_route=\/wp\/v2\/pages\/536\/revisions"}],"predecessor-version":[{"id":562,"href":"https:\/\/www.kokkolahieroja.fi\/index.php?rest_route=\/wp\/v2\/pages\/536\/revisions\/562"}],"wp:attachment":[{"href":"https:\/\/www.kokkolahieroja.fi\/index.php?rest_route=%2Fwp%2Fv2%2Fmedia&parent=536"}],"curies":[{"name":"wp","href":"https:\/\/api.w.org\/{rel}","templated":true}]}}