{"id":233,"date":"2015-01-28T12:55:28","date_gmt":"2015-01-28T10:55:28","guid":{"rendered":"http:\/\/www.kokkolahieroja.fi\/?page_id=233"},"modified":"2026-05-04T13:43:08","modified_gmt":"2026-05-04T10:43:08","slug":"henkilot","status":"publish","type":"page","link":"https:\/\/www.kokkolahieroja.fi\/?page_id=233","title":{"rendered":"Henkil\u00f6kunta"},"content":{"rendered":"<p><a href=\"http:\/\/www.kokkolahieroja.fi\/wp-content\/uploads\/2018\/12\/henkil\u00f6kuvat2-2.jpg\"><img loading=\"lazy\" decoding=\"async\" class=\"alignleft wp-image-371 size-medium\" src=\"http:\/\/www.kokkolahieroja.fi\/wp-content\/uploads\/2018\/12\/henkil\u00f6kuvat2-2-199x300.jpg\" alt=\"\" width=\"199\" height=\"300\" srcset=\"https:\/\/www.kokkolahieroja.fi\/wp-content\/uploads\/2018\/12\/henkil\u00f6kuvat2-2-199x300.jpg 199w, https:\/\/www.kokkolahieroja.fi\/wp-content\/uploads\/2018\/12\/henkil\u00f6kuvat2-2-768x1157.jpg 768w, https:\/\/www.kokkolahieroja.fi\/wp-content\/uploads\/2018\/12\/henkil\u00f6kuvat2-2-680x1024.jpg 680w, https:\/\/www.kokkolahieroja.fi\/wp-content\/uploads\/2018\/12\/henkil\u00f6kuvat2-2.jpg 1328w\" sizes=\"(max-width: 199px) 100vw, 199px\" \/><\/a><strong>Jenni Lundberg<\/strong> (o.s. K\u00e4ns\u00e4l\u00e4)<\/p>\n<ul>\n<li>Hierojan ammattitutkinto, Tampereen urheiluhierojakoulu (Espanja) 2008<\/li>\n<li>Hierojan erikoisammattitutkinto urheiluhieronta, Tampereen urheiluhierojakoulu 2008<\/li>\n<li>Kalevalainen j\u00e4senkorjaaja, It\u00e4-H\u00e4meen opisto Hartola 2014<\/li>\n<li>Kinesioteippaus (Bodytech koulutus 2012)<\/li>\n<li>Triggerpiste, Oulun hieroja-akatemia (Kaustinen) 2018<\/li>\n<li>Fascia (alaraajat), Pohjanmaan koulutuspalvelu 2019<\/li>\n<li>Purentalihas, Pohjanmaan koulutuspalvelu 2019<\/li>\n<\/ul>\n<p>kokkolahieroja@gmail.com<\/p>\n<p>&nbsp;<\/p>\n<p><a href=\"http:\/\/www.kokkolahieroja.fi\/wp-content\/uploads\/2018\/12\/henkil\u00f6kuva3.jpg\"><img loading=\"lazy\" decoding=\"async\" class=\"alignleft wp-image-370 size-medium\" src=\"http:\/\/www.kokkolahieroja.fi\/wp-content\/uploads\/2018\/12\/henkil\u00f6kuva3-199x300.jpg\" alt=\"\" width=\"199\" height=\"300\" srcset=\"https:\/\/www.kokkolahieroja.fi\/wp-content\/uploads\/2018\/12\/henkil\u00f6kuva3-199x300.jpg 199w, https:\/\/www.kokkolahieroja.fi\/wp-content\/uploads\/2018\/12\/henkil\u00f6kuva3-768x1157.jpg 768w, https:\/\/www.kokkolahieroja.fi\/wp-content\/uploads\/2018\/12\/henkil\u00f6kuva3-680x1024.jpg 680w, https:\/\/www.kokkolahieroja.fi\/wp-content\/uploads\/2018\/12\/henkil\u00f6kuva3.jpg 1328w\" sizes=\"(max-width: 199px) 100vw, 199px\" \/><\/a><strong>Noora Vornanen\u00a0<\/strong>(Suomi ja Ruotsi)<\/p>\n<ul>\n<li>Kosmetologi 2011, Ammattikoulu Optima (Pietarsaari)<\/li>\n<li>Hierojan ammattitutkinto, Kokkolan sosiaali- ja terveysalan opisto 2014<\/li>\n<li>Fascia (alaraajat), Pohjanmaan koulutuspalvelu 2019<\/li>\n<li>Purentalihas, Pohjanmaan koulutuspalvelu 2019<\/li>\n<li>Kaustislainen j\u00e4senkorjaaja, Kaustisen evankelinen opisto<\/li>\n<\/ul>\n<p>noora_19922@hotmail.com<\/p>\n<p>&nbsp;<\/p>\n<p>&nbsp;<\/p>\n<p style=\"text-align: left;\"><a href=\"http:\/\/www.kokkolahieroja.fi\/wp-content\/uploads\/2018\/12\/eikku2.jpg\"><img loading=\"lazy\" decoding=\"async\" class=\"alignleft size-medium wp-image-367\" src=\"http:\/\/www.kokkolahieroja.fi\/wp-content\/uploads\/2018\/12\/eikku2-199x300.jpg\" alt=\"\" width=\"199\" height=\"300\" srcset=\"https:\/\/www.kokkolahieroja.fi\/wp-content\/uploads\/2018\/12\/eikku2-199x300.jpg 199w, https:\/\/www.kokkolahieroja.fi\/wp-content\/uploads\/2018\/12\/eikku2-768x1157.jpg 768w, https:\/\/www.kokkolahieroja.fi\/wp-content\/uploads\/2018\/12\/eikku2-680x1024.jpg 680w, https:\/\/www.kokkolahieroja.fi\/wp-content\/uploads\/2018\/12\/eikku2.jpg 1328w\" sizes=\"(max-width: 199px) 100vw, 199px\" \/><\/a><\/p>\n<p><strong>Eija-Liisa Peltoniemi<\/strong> (Eikku)<\/p>\n<ul>\n<li>Hierojan ammattitutkinto 2017, Kaustisen evankelinen opisto<\/li>\n<li>Hierojan erikoisammattitutkinto urheiluhieronta, Kaustisen evankelinen opisto 2017<\/li>\n<li>Kuivakuppaus, Kaustisen evankelinen opisto 2017<\/li>\n<li>Kaustislainen j\u00e4senkorjaaja, Kaustisen evankelinen opisto 2018<\/li>\n<li>Triggerpiste, Oulun hieroja-akatemia (Kaustinen) 2018<\/li>\n<li>Fascia (alaraajat), Pohjanmaan koulutuspalvelu 2019<\/li>\n<li>Purentalihas, 2021<\/li>\n<\/ul>\n<p>eijaliisa87@hotmail.com<\/p>\n<p>&nbsp;<\/p>\n<p>&nbsp;<\/p>\n<p><a href=\"http:\/\/www.kokkolahieroja.fi\/wp-content\/uploads\/2018\/12\/heidi-2.jpg\"><img loading=\"lazy\" decoding=\"async\" class=\"alignleft size-medium wp-image-368\" src=\"http:\/\/www.kokkolahieroja.fi\/wp-content\/uploads\/2018\/12\/heidi-2-199x300.jpg\" alt=\"\" width=\"199\" height=\"300\" srcset=\"https:\/\/www.kokkolahieroja.fi\/wp-content\/uploads\/2018\/12\/heidi-2-199x300.jpg 199w, https:\/\/www.kokkolahieroja.fi\/wp-content\/uploads\/2018\/12\/heidi-2-768x1157.jpg 768w, https:\/\/www.kokkolahieroja.fi\/wp-content\/uploads\/2018\/12\/heidi-2-680x1024.jpg 680w, https:\/\/www.kokkolahieroja.fi\/wp-content\/uploads\/2018\/12\/heidi-2.jpg 1328w\" sizes=\"(max-width: 199px) 100vw, 199px\" \/><\/a><\/p>\n<p><strong>Heidi Ahlqvist<\/strong><\/p>\n<ul>\n<li>Hierojan ammattitutkinto 2018, Kaustisen evankelinen opisto<\/li>\n<li>Hierojan erikoisammattitutkinto urheiluhieronta 2018, Kaustisen evankelinen opisto<\/li>\n<li>Triggerpiste, Oulun hieroja-akatemia (Kaustinen) 2018<\/li>\n<li>Kaustislainen j\u00e4senkorjaaja, Kaustisen evankelinen opisto 2019<\/li>\n<\/ul>\n<p>heidi.ahlqvist@live.fi<\/p>\n<p>&nbsp;<\/p>\n<p>&nbsp;<\/p>\n<p><strong>Mauri Kivinen<\/strong><\/p>\n<ul>\n<li>Hierojan ammattitutkinto 2017, Kaustisen evankelinen opisto<\/li>\n<li>Hierojan erikoisammattitutkinto urheiluhieronta, Kaustisen evankelinen opisto 2017<\/li>\n<li>Selk\u00e4rangan osteopaattisen mobilisoivan hieronnan koulutus 2018<\/li>\n<li>Lihaskalvo (fascia) k\u00e4sittely 2019<\/li>\n<li>Mobilisointi- ja MET 2019<\/li>\n<\/ul>\n<p><strong>Laura Vesalainen<\/strong><\/p>\n","protected":false},"excerpt":{"rendered":"<p>Jenni Lundberg (o.s. K\u00e4ns\u00e4l\u00e4) Hierojan ammattitutkinto, Tampereen urheiluhierojakoulu (Espanja) 2008 Hierojan erikoisammattitutkinto urheiluhieronta, Tampereen urheiluhierojakoulu 2008 Kalevalainen j\u00e4senkorjaaja, It\u00e4-H\u00e4meen opisto Hartola 2014 Kinesioteippaus (Bodytech koulutus 2012) Triggerpiste, Oulun hieroja-akatemia (Kaustinen) 2018 Fascia (alaraajat), Pohjanmaan koulutuspalvelu 2019 Purentalihas, Pohjanmaan koulutuspalvelu 2019 &hellip; <a href=\"https:\/\/www.kokkolahieroja.fi\/?page_id=233\">Lue loppuun <span class=\"meta-nav\">&rarr;<\/span><\/a><\/p>\n","protected":false},"author":1,"featured_media":0,"parent":0,"menu_order":2,"comment_status":"closed","ping_status":"closed","template":"","meta":{"footnotes":""},"_links":{"self":[{"href":"https:\/\/www.kokkolahieroja.fi\/index.php?rest_route=\/wp\/v2\/pages\/233"}],"collection":[{"href":"https:\/\/www.kokkolahieroja.fi\/index.php?rest_route=\/wp\/v2\/pages"}],"about":[{"href":"https:\/\/www.kokkolahieroja.fi\/index.php?rest_route=\/wp\/v2\/types\/page"}],"author":[{"embeddable":true,"href":"https:\/\/www.kokkolahieroja.fi\/index.php?rest_route=\/wp\/v2\/users\/1"}],"replies":[{"embeddable":true,"href":"https:\/\/www.kokkolahieroja.fi\/index.php?rest_route=%2Fwp%2Fv2%2Fcomments&post=233"}],"version-history":[{"count":67,"href":"https:\/\/www.kokkolahieroja.fi\/index.php?rest_route=\/wp\/v2\/pages\/233\/revisions"}],"predecessor-version":[{"id":637,"href":"https:\/\/www.kokkolahieroja.fi\/index.php?rest_route=\/wp\/v2\/pages\/233\/revisions\/637"}],"wp:attachment":[{"href":"https:\/\/www.kokkolahieroja.fi\/index.php?rest_route=%2Fwp%2Fv2%2Fmedia&parent=233"}],"curies":[{"name":"wp","href":"https:\/\/api.w.org\/{rel}","templated":true}]}}