{"id":144,"date":"2012-12-19T13:55:46","date_gmt":"2012-12-19T11:55:46","guid":{"rendered":"http:\/\/mediataito.fi\/teeitse\/ville\/?page_id=144"},"modified":"2025-11-03T09:09:44","modified_gmt":"2025-11-03T07:09:44","slug":"yhteystiedot","status":"publish","type":"page","link":"https:\/\/www.kokkolahieroja.fi\/?page_id=144","title":{"rendered":"Yhteystiedot"},"content":{"rendered":"<p><strong>Hyv\u00e4n olon hoitola K\u00e4ns\u00e4l\u00e4<\/strong><br \/>\nKaarlelankatu 21<br \/>\n(Euronicsin ulko-ovista sis\u00e4\u00e4n, yhdet rappuset yl\u00f6s, keskikerrokseen)<br \/>\n67100 KOKKOLA<\/p>\n<p>hyvanolonhoitolakansala@gmail.com<\/p>\n<p><strong>Ajanvaraus<\/strong>: GSM: 044 086 5545 tai<br \/>\n<a href=\"https:\/\/timma.fi\/hyvanolonhoitolakansala\">https:\/\/timma.fi\/hyvanolonhoitolakansala<\/a><\/p>\n<p><strong>Tuotemyynti<\/strong>: GSM: 044 565 5452 (Jenni)<br \/>\nkokkolahieroja@gmail.com<\/p>\n","protected":false},"excerpt":{"rendered":"<p>Hyv\u00e4n olon hoitola K\u00e4ns\u00e4l\u00e4 Kaarlelankatu 21 (Euronicsin ulko-ovista sis\u00e4\u00e4n, yhdet rappuset yl\u00f6s, keskikerrokseen) 67100 KOKKOLA hyvanolonhoitolakansala@gmail.com Ajanvaraus: GSM: 044 086 5545 tai https:\/\/timma.fi\/hyvanolonhoitolakansala Tuotemyynti: GSM: 044 565 5452 (Jenni) kokkolahieroja@gmail.com<\/p>\n","protected":false},"author":1,"featured_media":0,"parent":0,"menu_order":4,"comment_status":"closed","ping_status":"closed","template":"","meta":{"footnotes":""},"_links":{"self":[{"href":"https:\/\/www.kokkolahieroja.fi\/index.php?rest_route=\/wp\/v2\/pages\/144"}],"collection":[{"href":"https:\/\/www.kokkolahieroja.fi\/index.php?rest_route=\/wp\/v2\/pages"}],"about":[{"href":"https:\/\/www.kokkolahieroja.fi\/index.php?rest_route=\/wp\/v2\/types\/page"}],"author":[{"embeddable":true,"href":"https:\/\/www.kokkolahieroja.fi\/index.php?rest_route=\/wp\/v2\/users\/1"}],"replies":[{"embeddable":true,"href":"https:\/\/www.kokkolahieroja.fi\/index.php?rest_route=%2Fwp%2Fv2%2Fcomments&post=144"}],"version-history":[{"count":24,"href":"https:\/\/www.kokkolahieroja.fi\/index.php?rest_route=\/wp\/v2\/pages\/144\/revisions"}],"predecessor-version":[{"id":567,"href":"https:\/\/www.kokkolahieroja.fi\/index.php?rest_route=\/wp\/v2\/pages\/144\/revisions\/567"}],"wp:attachment":[{"href":"https:\/\/www.kokkolahieroja.fi\/index.php?rest_route=%2Fwp%2Fv2%2Fmedia&parent=144"}],"curies":[{"name":"wp","href":"https:\/\/api.w.org\/{rel}","templated":true}]}}