{"id":133,"date":"2012-12-19T12:17:37","date_gmt":"2012-12-19T10:17:37","guid":{"rendered":"http:\/\/mediataito.fi\/teeitse\/ville\/?page_id=133"},"modified":"2025-12-31T15:47:58","modified_gmt":"2025-12-31T13:47:58","slug":"hinnasto","status":"publish","type":"page","link":"https:\/\/www.kokkolahieroja.fi\/?page_id=133","title":{"rendered":"Hinnasto"},"content":{"rendered":"<pre><\/pre>\n<address>\n<pre><strong>Hieronta ja kuivakuppaus\/ imukuppihieronta \n<\/strong>30min                                           35\u20ac \n45min                                           45\u20ac \n60min                                           55\u20ac \n75min                                           65\u20ac \n90min                                           75\u20ac \n120min                                         110\u20ac \nJ\u00e4senkorjaus hieronnan yht.                      5\u20ac \n\n<strong>Purentalihashieronta\n<\/strong>60min                                           57\u20ac<strong>\n\nKalevalainen J\u00e4senkorjaus \n<\/strong>30min                                           40\u20ac \n45min                                           50\u20ac \n60min                                           60\u20ac \n75min                                           70\u20ac \n90min                                           80\u20ac <strong>\n\nKaustislainen j\u00e4senkorjaus <\/strong>15-20min             25\u20ac \n<strong>\nKinesioteippaus                             <\/strong>25\u20ac\/15min \n                                            35\u20ac\/30min \n\n\nPeruuttamattomista hoitoajoista perimme hinnaston \nmukaisen maksun.\n\nMaksutapoina meill\u00e4 k\u00e4y kortti, k\u00e4teinen, e-passi, edenred \nsek\u00e4 smartum<\/pre>\n<\/address>\n","protected":false},"excerpt":{"rendered":"<p>Hieronta ja kuivakuppaus\/ imukuppihieronta 30min 35\u20ac 45min 45\u20ac 60min 55\u20ac 75min 65\u20ac 90min 75\u20ac 120min 110\u20ac J\u00e4senkorjaus hieronnan yht. 5\u20ac Purentalihashieronta 60min 57\u20ac Kalevalainen J\u00e4senkorjaus 30min 40\u20ac 45min 50\u20ac 60min 60\u20ac 75min 70\u20ac 90min 80\u20ac Kaustislainen j\u00e4senkorjaus 15-20min 25\u20ac Kinesioteippaus &hellip; <a href=\"https:\/\/www.kokkolahieroja.fi\/?page_id=133\">Lue loppuun <span class=\"meta-nav\">&rarr;<\/span><\/a><\/p>\n","protected":false},"author":1,"featured_media":0,"parent":0,"menu_order":3,"comment_status":"closed","ping_status":"closed","template":"","meta":{"footnotes":""},"_links":{"self":[{"href":"https:\/\/www.kokkolahieroja.fi\/index.php?rest_route=\/wp\/v2\/pages\/133"}],"collection":[{"href":"https:\/\/www.kokkolahieroja.fi\/index.php?rest_route=\/wp\/v2\/pages"}],"about":[{"href":"https:\/\/www.kokkolahieroja.fi\/index.php?rest_route=\/wp\/v2\/types\/page"}],"author":[{"embeddable":true,"href":"https:\/\/www.kokkolahieroja.fi\/index.php?rest_route=\/wp\/v2\/users\/1"}],"replies":[{"embeddable":true,"href":"https:\/\/www.kokkolahieroja.fi\/index.php?rest_route=%2Fwp%2Fv2%2Fcomments&post=133"}],"version-history":[{"count":23,"href":"https:\/\/www.kokkolahieroja.fi\/index.php?rest_route=\/wp\/v2\/pages\/133\/revisions"}],"predecessor-version":[{"id":606,"href":"https:\/\/www.kokkolahieroja.fi\/index.php?rest_route=\/wp\/v2\/pages\/133\/revisions\/606"}],"wp:attachment":[{"href":"https:\/\/www.kokkolahieroja.fi\/index.php?rest_route=%2Fwp%2Fv2%2Fmedia&parent=133"}],"curies":[{"name":"wp","href":"https:\/\/api.w.org\/{rel}","templated":true}]}}