{"id":13,"date":"2012-02-07T20:22:37","date_gmt":"2012-02-07T18:22:37","guid":{"rendered":"http:\/\/mediataito.fi\/teeitse\/ville\/?page_id=13"},"modified":"2019-09-05T13:59:43","modified_gmt":"2019-09-05T10:59:43","slug":"hieronta","status":"publish","type":"page","link":"https:\/\/www.kokkolahieroja.fi\/?page_id=13","title":{"rendered":"Hieronta"},"content":{"rendered":"<p><a href=\"http:\/\/www.kokkolahieroja.fi\/wp-content\/uploads\/2019\/09\/hieronta1.jpg\"><img loading=\"lazy\" decoding=\"async\" class=\"alignleft size-medium wp-image-434\" src=\"http:\/\/www.kokkolahieroja.fi\/wp-content\/uploads\/2019\/09\/hieronta1-300x200.jpg\" alt=\"\" width=\"300\" height=\"200\" srcset=\"https:\/\/www.kokkolahieroja.fi\/wp-content\/uploads\/2019\/09\/hieronta1-300x200.jpg 300w, https:\/\/www.kokkolahieroja.fi\/wp-content\/uploads\/2019\/09\/hieronta1-768x512.jpg 768w, https:\/\/www.kokkolahieroja.fi\/wp-content\/uploads\/2019\/09\/hieronta1-1024x682.jpg 1024w, https:\/\/www.kokkolahieroja.fi\/wp-content\/uploads\/2019\/09\/hieronta1-450x300.jpg 450w, https:\/\/www.kokkolahieroja.fi\/wp-content\/uploads\/2019\/09\/hieronta1.jpg 2000w\" sizes=\"(max-width: 300px) 100vw, 300px\" \/><\/a><\/p>\n<p>&nbsp;<\/p>\n<p>&nbsp;<\/p>\n<p>&nbsp;<\/p>\n<p>&nbsp;<\/p>\n<p>&nbsp;<\/p>\n<p><strong>Klassinen hieronta<\/strong><\/p>\n<p>Hieronta on yksi yleisimmin k\u00e4ytetyist\u00e4 hoitomuodoista tuki- ja liikuntaelinongelmissa. Sill\u00e4 t\u00e4hd\u00e4t\u00e4\u00e4n toimintakyvyn yll\u00e4pit\u00e4miseen ja korjaamiseen sek\u00e4 asiakkaan el\u00e4m\u00e4nlaadun parantamiseen. Hieronta koostuu varsinaisesta hieronnasta sek\u00e4 ohjauksesta ja neuvonnasta. Se on ihmisen terveyden edist\u00e4mist\u00e4, yll\u00e4pit\u00e4mist\u00e4 ja korjaamista sek\u00e4 kipujen ehk\u00e4isy\u00e4.<\/p>\n<p>Tarkoituksena on lievitt\u00e4\u00e4 ja poistaa lihaskireyksi\u00e4, vilkastuttaa aineenvaihduntaa, helpottaa kipuja , rentouttaa ja v\u00e4hent\u00e4\u00e4 stressi\u00e4.<\/p>\n<p><a href=\"http:\/\/www.kokkolahieroja.fi\/wp-content\/uploads\/2019\/09\/hieronta-3.jpg\"><img loading=\"lazy\" decoding=\"async\" class=\"alignleft size-medium wp-image-436\" src=\"http:\/\/www.kokkolahieroja.fi\/wp-content\/uploads\/2019\/09\/hieronta-3-300x200.jpg\" alt=\"\" width=\"300\" height=\"200\" srcset=\"https:\/\/www.kokkolahieroja.fi\/wp-content\/uploads\/2019\/09\/hieronta-3-300x200.jpg 300w, https:\/\/www.kokkolahieroja.fi\/wp-content\/uploads\/2019\/09\/hieronta-3-768x512.jpg 768w, https:\/\/www.kokkolahieroja.fi\/wp-content\/uploads\/2019\/09\/hieronta-3-1024x682.jpg 1024w, https:\/\/www.kokkolahieroja.fi\/wp-content\/uploads\/2019\/09\/hieronta-3-450x300.jpg 450w, https:\/\/www.kokkolahieroja.fi\/wp-content\/uploads\/2019\/09\/hieronta-3.jpg 2000w\" sizes=\"(max-width: 300px) 100vw, 300px\" \/><\/a><\/p>\n<p>&nbsp;<\/p>\n<p>&nbsp;<\/p>\n<p>&nbsp;<\/p>\n<p>&nbsp;<\/p>\n<p>&nbsp;<\/p>\n<p>&nbsp;<\/p>\n<p><strong>Urheiluhieronta<\/strong><\/p>\n<p>Urheiluhieronta on t\u00e4rke\u00e4 osa urheilijan lihashuoltoa. Se vaikuttaa lihasten venyvyyteen ja nivelten liikkuvuuteen, valmistaa lihaksia urheilusuoritusta varten ja palauttaa lihaksia urheilusuorituksesta. Urheiluhieronnassa k\u00e4ytet\u00e4\u00e4n muokkaavia ja venytt\u00e4vi\u00e4 hierontaotteita. Valmistavassa ja huoltavassa urheiluhieronnassa k\u00e4ytet\u00e4\u00e4n l\u00e4mmitt\u00e4v\u00e4\u00e4 ja aktivoivaa muokkaus- ja poikittaisotetta ilman rasvaa. T\u00e4m\u00e4 ei v\u00e4syt\u00e4 eik\u00e4 venyt\u00e4 lihasta, eik\u00e4 my\u00f6sk\u00e4\u00e4n vie tehoja tulevasta treenist\u00e4. Palauttavassa urheiluhieronnassahierotaan kevyesti pitkitt\u00e4isotteilla rasvan kanssa, joka taas venytt\u00e4\u00e4 lihasta.<\/p>\n<h1><span data-mce-mark=\"1\">Milloin ei hierota<\/span><\/h1>\n<ul>\n<li style=\"list-style-type: none;\">\n<ul>\n<li style=\"list-style-type: none;\">\n<ul>\n<li>Flunssa\/ kuume<\/li>\n<li>Akuutit tulehdukset<\/li>\n<li>Tarttuvat iho- ja muut taudit (bakteerin, sienen tai viruksen aiheuttamat)<\/li>\n<li>Liikkumaton tila -&gt; Esim. lasta tai kipsi, mutta ymp\u00e4rill\u00e4 olevien kudosten hieronta t\u00e4rke\u00e4\u00e4<\/li>\n<li>Akuutit traumat: lihasrev\u00e4hdys, avohaava, ruhjevammat, j\u00e4nteen ven\u00e4hdys, murtumat jne&#8230;<\/li>\n<li>Laskimotukokset, valtimokovettumatauti<\/li>\n<li>Suonikohjut (ei silt\u00e4 alueelta)<\/li>\n<li>Verenvuototauti (hemofilia)<\/li>\n<li>Keinotekoiset verisuonet<\/li>\n<li>Sy\u00f6p\u00e4<\/li>\n<li>Aktiivinen nivelreuma, lihasreuma tai kihti<\/li>\n<li>Tekonivelet tai muut keino-osat<\/li>\n<li>Iskeeninen kudos (paikallista hapen tai veren puutetta kudoksessa eli kudoksen verett\u00f6myytt\u00e4<\/li>\n<li>Raskaana (soveltavana voidaan hieroa, v\u00e4ltett\u00e4v\u00e4 alasel\u00e4n aluetta ja nilkkojen aluetta)<\/li>\n<\/ul>\n<\/li>\n<\/ul>\n<p>&nbsp;<\/li>\n<li style=\"list-style-type: none;\">Kysy l\u00e4\u00e4k\u00e4rilt\u00e4 aina jos ep\u00e4ilet voitko k\u00e4yd\u00e4 hierojalla!<\/li>\n<\/ul>\n","protected":false},"excerpt":{"rendered":"<p>&nbsp; &nbsp; &nbsp; &nbsp; &nbsp; Klassinen hieronta Hieronta on yksi yleisimmin k\u00e4ytetyist\u00e4 hoitomuodoista tuki- ja liikuntaelinongelmissa. Sill\u00e4 t\u00e4hd\u00e4t\u00e4\u00e4n toimintakyvyn yll\u00e4pit\u00e4miseen ja korjaamiseen sek\u00e4 asiakkaan el\u00e4m\u00e4nlaadun parantamiseen. Hieronta koostuu varsinaisesta hieronnasta sek\u00e4 ohjauksesta ja neuvonnasta. Se on ihmisen terveyden edist\u00e4mist\u00e4, yll\u00e4pit\u00e4mist\u00e4 &hellip; <a href=\"https:\/\/www.kokkolahieroja.fi\/?page_id=13\">Lue loppuun <span class=\"meta-nav\">&rarr;<\/span><\/a><\/p>\n","protected":false},"author":1,"featured_media":0,"parent":26,"menu_order":1,"comment_status":"closed","ping_status":"closed","template":"","meta":{"footnotes":""},"_links":{"self":[{"href":"https:\/\/www.kokkolahieroja.fi\/index.php?rest_route=\/wp\/v2\/pages\/13"}],"collection":[{"href":"https:\/\/www.kokkolahieroja.fi\/index.php?rest_route=\/wp\/v2\/pages"}],"about":[{"href":"https:\/\/www.kokkolahieroja.fi\/index.php?rest_route=\/wp\/v2\/types\/page"}],"author":[{"embeddable":true,"href":"https:\/\/www.kokkolahieroja.fi\/index.php?rest_route=\/wp\/v2\/users\/1"}],"replies":[{"embeddable":true,"href":"https:\/\/www.kokkolahieroja.fi\/index.php?rest_route=%2Fwp%2Fv2%2Fcomments&post=13"}],"version-history":[{"count":11,"href":"https:\/\/www.kokkolahieroja.fi\/index.php?rest_route=\/wp\/v2\/pages\/13\/revisions"}],"predecessor-version":[{"id":437,"href":"https:\/\/www.kokkolahieroja.fi\/index.php?rest_route=\/wp\/v2\/pages\/13\/revisions\/437"}],"up":[{"embeddable":true,"href":"https:\/\/www.kokkolahieroja.fi\/index.php?rest_route=\/wp\/v2\/pages\/26"}],"wp:attachment":[{"href":"https:\/\/www.kokkolahieroja.fi\/index.php?rest_route=%2Fwp%2Fv2%2Fmedia&parent=13"}],"curies":[{"name":"wp","href":"https:\/\/api.w.org\/{rel}","templated":true}]}}